{"id":694,"date":"2019-02-12T11:38:05","date_gmt":"2019-02-12T10:38:05","guid":{"rendered":"https:\/\/gsbernard.ch\/gsb\/?page_id=694"},"modified":"2020-07-12T20:39:05","modified_gmt":"2020-07-12T18:39:05","slug":"56-2","status":"publish","type":"page","link":"https:\/\/gsbernard.ch\/gsb\/56-2","title":{"rendered":"Ecole de vie et d&rsquo;incarnation"},"content":{"rendered":"<h5 style=\"text-align: center;\">Ecole de vie et d&rsquo;incarnation<\/h5>\n<p><a href=\"https:\/\/gsbernard.ch\/gsb\/wp-content\/uploads\/2019\/02\/DSC_5706.jpg\"><img loading=\"lazy\" decoding=\"async\" class=\"wp-image-746 alignleft\" src=\"https:\/\/gsbernard.ch\/gsb\/wp-content\/uploads\/2019\/02\/DSC_5706-225x300.jpg\" alt=\"\" width=\"318\" height=\"424\" srcset=\"https:\/\/gsbernard.ch\/gsb\/wp-content\/uploads\/2019\/02\/DSC_5706-225x300.jpg 225w, https:\/\/gsbernard.ch\/gsb\/wp-content\/uploads\/2019\/02\/DSC_5706.jpg 750w\" sizes=\"auto, (max-width: 318px) 100vw, 318px\" \/><\/a><\/p>\n<p style=\"text-align: left;\">La montagne est un lieu privil\u00e9gi\u00e9 afin de devenir pleinement homme incarn\u00e9 dans le temps et l\u2019espace en contact avec le r\u00e9el.<\/p>\n<p style=\"text-align: left;\">Elle exige une prise en consid\u00e9ration de l\u2019int\u00e9grit\u00e9 de sa personne : corps et esprit. Partir en montant sans cette unit\u00e9 se r\u00e9v\u00e8le bien souvent dangereux.<\/p>\n<p style=\"text-align: left;\">C\u2019est gr\u00e2ce aux nombreuses fissures et blessures du rocher que nous pouvons grimper plus haut et aller de l\u2019avant. Peut \u00eatre que dans nos chemins, nous n\u2019essayons pas assez de transformer nos faiblesses et blessures en force de vie et de dynamisme. L\u2019exemple du rocher nous y encourage.<\/p>\n<p style=\"text-align: left;\">Elle est une \u00e9cole d\u2019apprentissage de la vie : responsabilit\u00e9, humilit\u00e9, fraternit\u00e9, \u00e9merveillement, prise de la bonne d\u00e9cision, renoncement et courage. Elle souligne aussi parfois am\u00e8rement nos propres dysfonctionnements : individualisme, prise de risque inconsid\u00e9r\u00e9e, pr\u00e9tention.<\/p>\n<p><strong><em>\u00ab\u00a0La vie sobre de cabane nous apprend le d\u00e9tachement d&rsquo;un certain confort plus souvent tyrannique que lib\u00e9rateur. Et cette sobri\u00e9t\u00e9 simplifie nos relations,nous d\u00e9livre de ces formules contourn\u00e9es d&rsquo;une politesse d\u00e9chue parce que tout ext\u00e9rieure et formaliste.<\/em><\/strong><br \/>\n<strong><em>Lorsqu&rsquo;on est attach\u00e9 \u00e0 la m\u00eame corde combien de masques tombent, de fa\u00e7ades s&rsquo;\u00e9croulent, de barri\u00e8res disparaissent.\u00a0\u00bb<\/em><\/strong><br \/>\n<em>Gratien Volluz, pr\u00eatre et guide de montagne.<\/em><a href=\"https:\/\/gsbernard.ch\/gsb\/wp-content\/uploads\/2019\/09\/montagne02.jpg\"><img loading=\"lazy\" decoding=\"async\" class=\"alignright wp-image-1620 size-medium\" src=\"https:\/\/gsbernard.ch\/gsb\/wp-content\/uploads\/2019\/09\/montagne02-300x225.jpg\" alt=\"\" width=\"300\" height=\"225\" srcset=\"https:\/\/gsbernard.ch\/gsb\/wp-content\/uploads\/2019\/09\/montagne02-300x225.jpg 300w, https:\/\/gsbernard.ch\/gsb\/wp-content\/uploads\/2019\/09\/montagne02.jpg 768w\" sizes=\"auto, (max-width: 300px) 100vw, 300px\" \/><\/a><\/p>\n<hr \/>\n<p style=\"text-align: left;\">La montagne appara\u00eet comme un r\u00e9v\u00e9lateur d\u2019humanit\u00e9. Elle met parfois en lumi\u00e8re des traits de notre caract\u00e8re inconnu, elle d\u00e9truit souvent les masques et apparences derri\u00e8re lesquels nous nous cachons en temps normal.<\/p>\n<p style=\"text-align: left;\">La montagne n\u2019est en soi qu\u2019un amas de rochers et de glaces, elle ne fait que nous renvoyer \u00e0 nous m\u00eame et ce que nous sommes. Il est ainsi plus juste de parler de spiritualit\u00e9 dans la montagne que de spiritualit\u00e9 de la montagne.<\/p>\n<p style=\"text-align: left;\">C\u2019est aussi un des rares espaces de notre soci\u00e9t\u00e9 o\u00f9 le mot libert\u00e9 prend une force certaine. Cette libert\u00e9 a pour pendant la responsabilit\u00e9 et l\u2019engagement. Dans ces lieux, les hommes se rencontrent vraiment en toute authenticit\u00e9 et pauvret\u00e9.<\/p>\n<p><strong><em><a href=\"https:\/\/gsbernard.ch\/gsb\/wp-content\/uploads\/2019\/02\/DSC_0284.jpg\"><img loading=\"lazy\" decoding=\"async\" class=\"alignleft wp-image-744 size-medium\" src=\"https:\/\/gsbernard.ch\/gsb\/wp-content\/uploads\/2019\/02\/DSC_0284-300x200.jpg\" alt=\"\" width=\"300\" height=\"200\" srcset=\"https:\/\/gsbernard.ch\/gsb\/wp-content\/uploads\/2019\/02\/DSC_0284-300x200.jpg 300w, https:\/\/gsbernard.ch\/gsb\/wp-content\/uploads\/2019\/02\/DSC_0284-768x511.jpg 768w, https:\/\/gsbernard.ch\/gsb\/wp-content\/uploads\/2019\/02\/DSC_0284.jpg 830w\" sizes=\"auto, (max-width: 300px) 100vw, 300px\" \/><\/a>\u00ab\u00a0Les montagnes ne vivent que de l&rsquo;amour des hommes.L\u00e0 o\u00f9 les habitations, puis les arbres, puis l&rsquo;herbe s&rsquo;\u00e9puisent na\u00eet le royaume st\u00e9rile, sauvage, min\u00e9ral; cependant, dans sa pauvret\u00e9 extr\u00eame, dans sa nudit\u00e9 totale, il dispense ne richesse qui n&rsquo;a pas de prix : le bonheur que l&rsquo;on d\u00e9couvre dans les yeux de ceux qui le fr\u00e9quentent.\u00a0\u00bb<\/em><\/strong><br \/>\nGaston R\u00e9buffat.<\/p>\n","protected":false},"excerpt":{"rendered":"<p>Ecole de vie et d&rsquo;incarnation La montagne est un lieu privil\u00e9gi\u00e9 afin de devenir pleinement homme incarn\u00e9 dans le temps et l\u2019espace en contact avec le r\u00e9el. Elle exige une prise en consid\u00e9ration de l\u2019int\u00e9grit\u00e9 de sa personne : corps<\/p>\n","protected":false},"author":1,"featured_media":0,"parent":0,"menu_order":0,"comment_status":"closed","ping_status":"closed","template":"","meta":{"footnotes":""},"class_list":["post-694","page","type-page","status-publish","hentry"],"_links":{"self":[{"href":"https:\/\/gsbernard.ch\/gsb\/wp-json\/wp\/v2\/pages\/694","targetHints":{"allow":["GET"]}}],"collection":[{"href":"https:\/\/gsbernard.ch\/gsb\/wp-json\/wp\/v2\/pages"}],"about":[{"href":"https:\/\/gsbernard.ch\/gsb\/wp-json\/wp\/v2\/types\/page"}],"author":[{"embeddable":true,"href":"https:\/\/gsbernard.ch\/gsb\/wp-json\/wp\/v2\/users\/1"}],"replies":[{"embeddable":true,"href":"https:\/\/gsbernard.ch\/gsb\/wp-json\/wp\/v2\/comments?post=694"}],"version-history":[{"count":19,"href":"https:\/\/gsbernard.ch\/gsb\/wp-json\/wp\/v2\/pages\/694\/revisions"}],"predecessor-version":[{"id":1622,"href":"https:\/\/gsbernard.ch\/gsb\/wp-json\/wp\/v2\/pages\/694\/revisions\/1622"}],"wp:attachment":[{"href":"https:\/\/gsbernard.ch\/gsb\/wp-json\/wp\/v2\/media?parent=694"}],"curies":[{"name":"wp","href":"https:\/\/api.w.org\/{rel}","templated":true}]}}