{"id":2,"date":"2019-02-05T11:09:56","date_gmt":"2019-02-05T10:09:56","guid":{"rendered":"https:\/\/gsbernard.ch\/gsb\/?page_id=2"},"modified":"2020-07-13T08:46:32","modified_gmt":"2020-07-13T06:46:32","slug":"10-2","status":"publish","type":"page","link":"https:\/\/gsbernard.ch\/gsb\/10-2","title":{"rendered":"Chanoine du Gd-St-Bernard"},"content":{"rendered":"<p><!--StartFragment--><\/p>\n\n\n<p>\u00ab LE CLERC A PRIS UN DOUBLE ENGAGEMENT : LA SAINTET\u00c9 ET L\u2019\u00c9TAT CL\u00c9RICAL. LA SAINTET\u00c9, POUR SA VIE PERSONNELLE, L\u2019\u00c9TAT CL\u00c9RICAL POUR LE SERVICE DU PEUPLE \u00bb\u00a0<\/p>\n\n\n\n<p>SAINT AUGUSTIN<\/p>\n\n\n\n<p>Un chanoine r\u00e9gulier est un religieux vivant en communaut\u00e9 sous la R\u00e8gle de Saint Augustin au service d\u2019une Eglise locale.<\/p>\n\n\n\n<p>Le c\u0153ur de la spiritualit\u00e9 augustinienne s\u2019inspire directement de la vie des premiers chr\u00e9tiens dont t\u00e9moigne le livre des Actes des Ap\u00f4tres. Le but de notre vie est donc de vivre en commun afin de devenir \u00ab un seul c\u0153ur et seule \u00e2me, tendus vers Dieu \u00bb. Cette vocation se concr\u00e9tise par le partage des biens mat\u00e9riels et spirituels.<\/p>\n\n\n\n<p> Dans l\u2019esprit de Saint Augustin, la vie commune que nous menons est avant tout un t\u00e9moignage pour le peuple de Dieu que nous servons \u00e0 travers notre minist\u00e8re pastoral. Notre vie s\u2019oriente avant tout vers Dieu dans la pri\u00e8re de l\u2019Eglise, c\u2019est \u00e0 dire dans la liturgie des heures et l\u2019Eucharistie. Elle est la source continuelle d\u2019une vie apostolique pleinement f\u00e9conde.<\/p>\n\n\n\n<p>\u00ab AVANT TOUT, VIVEZ UNANIMES \u00c0 LA MAISON, AYANT UNE SEULE \u00c2ME ET UN SEUL COEUR TOURN\u00c9S VERS DIEU. N\u2019EST-CE PAS LA RAISON M\u00caME DE VOTRE RASSEMBLEMENT ? \u00bb<\/p>\n\n\n\n<p>SAINT AUGUSTIN<\/p>\n\n\n\n<p>&nbsp;<\/p>\n\n\n\n<p>&nbsp;<\/p>\n\n\n\n<p>&nbsp;<\/p>\n\n\n\n<p>La vie canoniale doit donc devenir une v\u00e9ritable image de l\u2019Eglise comme communion de charit\u00e9 malgr\u00e9 les \u00e9preuves qu\u2019elle peut rencontrer. La source et l\u2019exemple m\u00eame de cette vie est la Trinit\u00e9.<\/p>\n\n\n\n<p>\u00ab LES FR\u00c8RES, RASSEMBL\u00c9S AU NOM DU SEIGNEUR, CROIENT QUE LE CHRIST, SELON LA PROMESSE, EST AU MILIEU D\u2019EUX. C\u2019EST POURQUOI, ILS CONSID\u00c8RENT LA MAISON QU\u2019ILS HABITENT ET, DE CETTE FA\u00c7ON, LEUR VOLONT\u00c9 DE VIVRE NI AGIR S\u00c9PAR\u00c9MENT LES UNS DES AUTRES, COMME LIEU PRIVIL\u00c9GI\u00c9 D\u2019ACCUEIL DE CETTE PR\u00c9SENCE R\u00c9ELLE ET MYST\u00c9RIEUSE \u00bb<\/p>\n\n\n\n<p>EXTRAIT DE NOS CONSTITUTIONS<\/p>\n\n\n<p><!--EndFragment--><\/p>","protected":false},"excerpt":{"rendered":"<p>\u00ab LE CLERC A PRIS UN DOUBLE ENGAGEMENT : LA SAINTET\u00c9 ET L\u2019\u00c9TAT CL\u00c9RICAL. LA SAINTET\u00c9, POUR SA VIE PERSONNELLE, L\u2019\u00c9TAT CL\u00c9RICAL POUR LE SERVICE DU PEUPLE \u00bb\u00a0 SAINT AUGUSTIN Un chanoine r\u00e9gulier est un religieux vivant en communaut\u00e9 sous<\/p>\n","protected":false},"author":1,"featured_media":0,"parent":0,"menu_order":0,"comment_status":"closed","ping_status":"open","template":"","meta":{"footnotes":""},"class_list":["post-2","page","type-page","status-publish","hentry"],"_links":{"self":[{"href":"https:\/\/gsbernard.ch\/gsb\/wp-json\/wp\/v2\/pages\/2","targetHints":{"allow":["GET"]}}],"collection":[{"href":"https:\/\/gsbernard.ch\/gsb\/wp-json\/wp\/v2\/pages"}],"about":[{"href":"https:\/\/gsbernard.ch\/gsb\/wp-json\/wp\/v2\/types\/page"}],"author":[{"embeddable":true,"href":"https:\/\/gsbernard.ch\/gsb\/wp-json\/wp\/v2\/users\/1"}],"replies":[{"embeddable":true,"href":"https:\/\/gsbernard.ch\/gsb\/wp-json\/wp\/v2\/comments?post=2"}],"version-history":[{"count":7,"href":"https:\/\/gsbernard.ch\/gsb\/wp-json\/wp\/v2\/pages\/2\/revisions"}],"predecessor-version":[{"id":2955,"href":"https:\/\/gsbernard.ch\/gsb\/wp-json\/wp\/v2\/pages\/2\/revisions\/2955"}],"wp:attachment":[{"href":"https:\/\/gsbernard.ch\/gsb\/wp-json\/wp\/v2\/media?parent=2"}],"curies":[{"name":"wp","href":"https:\/\/api.w.org\/{rel}","templated":true}]}}